261 is divided by 18?
15
Calculate the remainder when 152 is divided by 72.
8
Calculate the remainder when 1503 is divided by 213.
12
Calculate the remainder when 220 is divided by 29.
17
What is the remainder when 1857 is divided by 921?
15
Calculate the remainder when 651 is divided by 6.
3
What is the remainder when 511 is divided by 89?
66
What is the remainder when 139 is divided by 96?
43
What is the remainder when 1175 is divided by 84?
83
Calculate the remainder when 1475 is divided by 19.
12
What is the remainder when 21 is divided by 10?
1
What is the remainder when 291 is divided by 59?
55
What is the remainder when 27 is divided by 6?
3
Calculate the remainder when 1154 is divided by 159.
41
What is the remainder when 404 is divided by 12?
8
Calculate the remainder when 178 is divided by 34.
8
Calculate the remainder when 236 is divided by 57.
8
What is the remainder when 17371 is divided by 43?
42
Calculate the remainder when 238 is divided by 26.
4
Calculate the remainder when 244 is divided by 131.
113
Calculate the remainder when 947 is divided by 17.
12
What is the remainder when 99 is divided by 15?
9
Calculate the remainder when 652 is divided by 223.
206
Calculate the remainder when 5021 is divided by 31.
30
Calculate the remainder when 670 is divided by 61.
60
Calculate the remainder when 134 is divided by 80.
54
Calculate the remainder when 53523 is divided by 25.
23
What is the remainder when 827 is divided by 9?
8
What is the remainder when 626 is divided by 61?
16
Calculate the remainder when 71 is divided by 31.
9
Calculate the remainder when 314 is divided by 54.
44
What is the remainder when 259 is divided by 16?
3
What is the remainder when 124 is divided by 33?
25
What is the remainder when 71 is divided by 12?
11
What is the remainder when 1431 is divided by 4?
3
What is the remainder when 53 is divided by 36?
17
Calculate the remainder when 3547 is divided by 24.
19
Calculate the remainder when 403 is divided by 15.
13
Calculate the remainder when 1422 is divided by 692.
38
What is the remainder when 1071 is divided by 111?
72
What is the remainder when 29 is divided by 11?
7
Calculate the remainder when 1300 is divided by 204.
76
What is the remainder when 11327 is divided by 24?
23
What is the remainder when 230 is divided by 140?
90
What is the remainder when 549 is divided by 22?
21
What is the remainder when 1800 is divided by 11?
7
Calculate the remainder when 1373 is divided by 8.
5
What is the remainder when 195 is divided by 49?
48
What is the remainder when 25155 is divided by 19?
18
What is the remainder when 1778 is divided by 61?
9
What is the remainder when 5480 is divided by 2730?
20
What is the remainder when 19 is divided by 4?
3
Calculate the remainder when 1254 is divided by 407.
33
What is the remainder when 1766 is divided by 68?
66
Calculate the remainder when 634 is divided by 633.
1
Calculate the remainder when 407 is divided by 128.
23
What is the remainder when 406 is divided by 23?
15
What is the remainder when 4894 is divided by 272?
270
Calculate the remainder when 11276 is divided by 120.
116
Calculate the remainder when 290 is divided by 42.
38
What is the remainder when 163 is divided by 31?
8
What is the remainder when 365 is divided by 21?
8
What is the remainder when 1069 is divided by 213?
4
Calculate the remainder when 26 is divided by 9.
8
What is the remainder when 318 is divided by 304?
14
What is the remainder when 177 is divided by 13?
8
What is the remainder when 63 is divided by 28?
7
Calculate the remainder when 73 is divided by 41.
32
What is the remainder when 529 is divided by 6?
1
Calculate the remainder when 97 is divided by 41.
15
What is the remainder when 573 is divided by 142?
5
What is the remainder when 960 is divided by 121?
113
Calculate the remainder when 183 is divided by 30.
3
What is the remainder when 971 is divided by 9?
8
What is the remainder when 3391 is divided by 11?
3
Calculate the remainder when 253 is divided by 5.
3
Calculate the remainder when 445 is divided by 91.
81
What is the remainder when 85 is divided by 15?
10
Calculate the remainder when 2372 is divided by 159.
146
What is the remainder when 6717 is divided by 70?
67
What is the remainder when 444 is divided by 427?
17
Calculate the remainder when 629 is divided by 50.
29
What is the remainder when 930 is divided by 102?
12
What is the remainder when 1037 is divided by 80?
77
What is the remainder when 9357 is divided by 208?
205
What is the remainder when 204 is divided by 35?
29
Calculate the remainder when 3476 is divided by 183.
182
Calculate the remainder when 317 is divided by 26.
5
What is the remainder when 90 is divided by 88?
2
Calculate the remainder when 154 is divided by 39.
37
What is the remainder when 149 is divided by 71?
7
Calculate the remainder when 1265 is divided by 92.
69
What is the remainder when 11039 is divided by 96?
95
Calculate the remainder when 277 is divided by 18.
7
What is the remainder when 1029 is divided by 43?
40
Calculate the remainder when 3188 is divided by 145.
143
What is the remainder when 669 is divided by 2?
1
Calculate the remainder when 477 is divided by 63.
36
Calculate the remainder when 502 is divided by 238.
26
What is the remainder when 356 is divided by 1?
0
What is the remainder when 137 is divided by 4?
1
Calculate the remainder when 262 is divided by 33.
31
What is the remainder when 4412 is divided by 316?
304
Calculate the remainder when 34 is divided by 20.
14
Calculate the remainder when 1080 is divided by 15.
0
What is the remainder when 2723 is divided by 12?
11
Calculate the remainder when 180 is divided by 19.
9
Calculate the remainder when 4150 is divided by 134.
130
Calculate the remainder when 10514 is divided by 44.
42
What is the remainder when 5189 is divided by 44?
41
What is the remainder when 60 is divided by 22?
16
What is the remainder when 319 is divided by 113?
93
Calculate the remainder when 73 is divided by 19.
16
Calculate the remainder when 174 is divided by 31.
19
Calculate the remainder when 36 is divided by 31.
5
What is the remainder when 796 is divided by 132?
4
Calculate the remainder when 5507 is divided by 12.
11
What is the remainder when 2367 is divided by 341?
321
Calculate the remainder when 170 is divided by 24.
2
What is the remainder when 362 is divided by 165?
32
What is the remainder when 1549 is divided by 768?
13
What is the remainder when 716 is divided by 15?
11
What is the remainder when 763 is divided by 41?
25
Calculate the remainder when 58 is divided by 42.
16
What is the remainder when 942 is divided by 941?
1
Calculate the remainder when 400 is divided by 101.
97
What is the remainder when 4339 is divided by 13?
10
What is the remainder when 588 is divided by 30?
18
Calculate the remainder when 186 is divided by 85.
16
What is the remainder when 148 is divided by 26?
18
Calculate the remainder when 37 is divided by 5.
2
Calculate the remainder when 320 is divided by 103.
11
Calculate the remainder when 183 is divided by 3.
0
Calculate the remainder when 982 is divided by 186.
52
Calculate the remainder when 1001 is divided by 126.
119
What is the remainder when 67 is divided by 25?
17
What is the remainder when 243 is divided by 45?
18
What is the remainder when 340 is divided by 15?
10
What is the remainder when 37923 is divided by 258?
255
What is the remainder when 121 is divided by 41?
39
Calculate the remainder when 203 is divided by 160.
43
Calculate the remainder when 17 is divided by 15.
2
Calculate the remainder when 85 is divided by 22.
19
Calculate the remainder when 524 is divided by 75.
74
Calculate the remainder when 170 is divided by 30.
20
Calculate the remainder when 11 is divided by 3.
2
Calculate the remainder when 993 is divided by 246.
9
What is the remainder when 48 is divided by 16?
0
What is the remainder when 3126 is divided by 24?
6
Calculate the remainder when 310 is divided by 60.
10
Calculate the remainder when 1318 is divided by 411.
85
Calculate the remainder when 269 is divided by 56.
45
Calculate the remainder when 400 is divided by 99.
4
What is the remainder when 48 is divided by 28?
20
What is the remainder when 418 is divided by 3